{"id":107,"date":"2015-05-20T13:00:15","date_gmt":"2015-05-20T11:00:15","guid":{"rendered":"http:\/\/visavis-baden.ch\/wp\/?page_id=107"},"modified":"2020-09-03T17:01:59","modified_gmt":"2020-09-03T15:01:59","slug":"psychotherapie","status":"publish","type":"page","link":"https:\/\/visavis-baden.ch\/index.php\/angebot\/psychotherapie\/","title":{"rendered":"Psychotherapie"},"content":{"rendered":"<p>Psychotherapie ist angezeigt, wenn seelische Leiden oder Blockierungen die Lebensqualit\u00e4t eines Menschen stark beeinflussen oder einschr\u00e4nken. Dies kann sich in Symptomen wie \u00c4ngsten, Gef\u00fchlen der Sinnlosigkeit, Depressionen oder psychosomatischen Beschwerden zeigen. Die \u00dcberg\u00e4nge von gesund zu krank sind fliessend, doch immer ist das Wohlbefinden stark beeintr\u00e4chtigt und die Betroffenen leiden.<\/p>\n<p>In der therapeutischen Arbeit wird der Sinn der entstandenen Symptome gesucht und in Zusammenhang mit der Lebensgeschichte gestellt. Der Zugang zu eigenen Bew\u00e4ltigungsm\u00f6glichkeiten wird wieder gefunden oder neu entdeckt. Dadurch werden blockierte Gef\u00fchle gel\u00f6st und der Weg frei gemacht f\u00fcr den Blick auf den n\u00e4chsten Schritt und f\u00fcr die Weiterentwicklung der Pers\u00f6nlichkeit.<\/p>\n<p>Dieser seelische Ver\u00e4nderungsprozess wird durch verschiedene Methoden angeregt. Im Vordergrund stehen das Gespr\u00e4ch und andere Ausdrucks- und Kommunikationsm\u00f6glichkeiten.<\/p>\n<p>F\u00fcr das Gelingen einer Psychotherapie ist eine tragf\u00e4hige, vertrauensvolle Beziehung zwischen KlientIn und TherapeutIn von grosser Bedeutung.<\/p>\n\n\n<div style=\"height:20px\" aria-hidden=\"true\" class=\"wp-block-spacer\"><\/div>\n\n\n\n<p><strong>Traumatherapie nach der <em>Lifespan Integration-Methode (LI)<\/em><\/strong><\/p>\n\n\n\n<p>Die <em>Lifespan Integration (LI)<\/em> ist eine sanfte k\u00f6rperorientierte Therapiemethode, die sich sowohl f\u00fcr akute (zb. Verkehrsunfall) oder chronifizierte traumatische Erfahrungen (zb. Gewalt) als auch f\u00fcr die Bearbeitung belastender Lebensereignisse (zb. Arbeitslosigkeit) eignet.<\/p>\n\n\n\n<p>Die Folgen traumatischer Erfahrungen sind vielf\u00e4ltig: Stresssymptome wie Angst, Schlafprobleme, wiederkehrende Erinnerungen an das Ereignis (Flashbacks), Schuld\/ Scham- und Ohnmachtsgef\u00fchle, Konzentrationsst\u00f6rungen, Gedankenkreisen etc. Mit Hilfe von <em>LI<\/em> kann oft schon innerhalb von wenigen Sitzungen eine deutliche Verbesserung des Befindens erreicht werden.<\/p>\n\n\n\n<p>Bei belastenden Lebensereignissen oder chronifizierten traumatischen Erfahrungen &nbsp;ist meistens &nbsp;eine l\u00e4ngerfristige Begleitung notwendig.<\/p>\n\n\n\n<p><em>LI<\/em> hilft, Abstand von schwierigen Erlebnissen zu gewinnen, sich in der Gegenwart sicher zu f\u00fchlen, unangemessene oder wenig hilfreiche Bew\u00e4ltigungsstrategien (z.B. Vermeidungsverhalten) aufzugeben. So k\u00f6nnen auch vorhandene, bisher blockierte, Ressourcen wieder erschlossen werden. Menschen mit <em>LI <\/em>Therapieerfahrung berichten \u00fcber ein verbessertes, stabileres Befinden, neu gewonnene Lebensfreude und mehr Selbstwertgef\u00fchl. In intimen Beziehungen erleben sie mehr Zufriedenheit und Vertrauen.<\/p>\n\n\n\n<p>Mehr Informationen \u00fcber <em>Lifespan Integration<\/em> erhalten Sie auf lifespanintegration.ch oder auf der internationalen Seite lifespanintegration.com.<\/p>\n","protected":false},"excerpt":{"rendered":"<p>Psychotherapie ist angezeigt, wenn seelische Leiden oder Blockierungen die Lebensqualit\u00e4t eines Menschen stark beeinflussen oder einschr\u00e4nken. Dies kann sich in Symptomen wie \u00c4ngsten, Gef\u00fchlen der Sinnlosigkeit, Depressionen oder psychosomatischen Beschwerden zeigen. Die \u00dcberg\u00e4nge von gesund zu krank sind fliessend, doch immer ist das Wohlbefinden stark beeintr\u00e4chtigt und die Betroffenen leiden. In der therapeutischen Arbeit wird &hellip; <a href=\"https:\/\/visavis-baden.ch\/index.php\/angebot\/psychotherapie\/\" class=\"more-link\"><span class=\"screen-reader-text\">Psychotherapie<\/span> weiterlesen <span class=\"meta-nav\">&rarr;<\/span><\/a><\/p>\n","protected":false},"author":1,"featured_media":0,"parent":10,"menu_order":0,"comment_status":"closed","ping_status":"closed","template":"","meta":{"footnotes":""},"class_list":["post-107","page","type-page","status-publish","hentry"],"_links":{"self":[{"href":"https:\/\/visavis-baden.ch\/index.php\/wp-json\/wp\/v2\/pages\/107","targetHints":{"allow":["GET"]}}],"collection":[{"href":"https:\/\/visavis-baden.ch\/index.php\/wp-json\/wp\/v2\/pages"}],"about":[{"href":"https:\/\/visavis-baden.ch\/index.php\/wp-json\/wp\/v2\/types\/page"}],"author":[{"embeddable":true,"href":"https:\/\/visavis-baden.ch\/index.php\/wp-json\/wp\/v2\/users\/1"}],"replies":[{"embeddable":true,"href":"https:\/\/visavis-baden.ch\/index.php\/wp-json\/wp\/v2\/comments?post=107"}],"version-history":[{"count":9,"href":"https:\/\/visavis-baden.ch\/index.php\/wp-json\/wp\/v2\/pages\/107\/revisions"}],"predecessor-version":[{"id":542,"href":"https:\/\/visavis-baden.ch\/index.php\/wp-json\/wp\/v2\/pages\/107\/revisions\/542"}],"up":[{"embeddable":true,"href":"https:\/\/visavis-baden.ch\/index.php\/wp-json\/wp\/v2\/pages\/10"}],"wp:attachment":[{"href":"https:\/\/visavis-baden.ch\/index.php\/wp-json\/wp\/v2\/media?parent=107"}],"curies":[{"name":"wp","href":"https:\/\/api.w.org\/{rel}","templated":true}]}}