{"id":115,"date":"2015-05-20T13:05:59","date_gmt":"2015-05-20T11:05:59","guid":{"rendered":"http:\/\/visavis-baden.ch\/wp\/?page_id=115"},"modified":"2015-09-16T11:15:43","modified_gmt":"2015-09-16T09:15:43","slug":"psychologische-beratung","status":"publish","type":"page","link":"https:\/\/visavis-baden.ch\/index.php\/angebot\/psychologische-beratung\/","title":{"rendered":"Psychologische Beratung"},"content":{"rendered":"<p>Es muss nicht immer eine ausgewachsene Krise oder ein psychisches Leiden sein, die in unsere Praxis f\u00fchren. Es kann auch in anderen F\u00e4llen sinnvoll sein, psychologische Beratung oder Begleitung zu beanspruchen: Eine Entscheidung f\u00e4llt un\u00fcblich schwer. Es besteht eine Unzufriedenheit mit einem Zustand oder einer Situation. Es fehlen der Mut und die \u00dcberzeugung, etwas weiterzubringen, was man eigentlich schon lange angehen m\u00f6chte.<\/p>\n<p>Mit Unterst\u00fctzung einer unabh\u00e4ngigen Fachperson kann Kl\u00e4rung und Bewegung in diese Anliegen gebracht werden.<\/p>\n","protected":false},"excerpt":{"rendered":"<p>Es muss nicht immer eine ausgewachsene Krise oder ein psychisches Leiden sein, die in unsere Praxis f\u00fchren. Es kann auch in anderen F\u00e4llen sinnvoll sein, psychologische Beratung oder Begleitung zu beanspruchen: Eine Entscheidung f\u00e4llt un\u00fcblich schwer. Es besteht eine Unzufriedenheit mit einem Zustand oder einer Situation. Es fehlen der Mut und die \u00dcberzeugung, etwas weiterzubringen, &hellip; <a href=\"https:\/\/visavis-baden.ch\/index.php\/angebot\/psychologische-beratung\/\" class=\"more-link\"><span class=\"screen-reader-text\">Psychologische Beratung<\/span> weiterlesen <span class=\"meta-nav\">&rarr;<\/span><\/a><\/p>\n","protected":false},"author":1,"featured_media":0,"parent":10,"menu_order":0,"comment_status":"closed","ping_status":"closed","template":"","meta":{"footnotes":""},"class_list":["post-115","page","type-page","status-publish","hentry"],"_links":{"self":[{"href":"https:\/\/visavis-baden.ch\/index.php\/wp-json\/wp\/v2\/pages\/115","targetHints":{"allow":["GET"]}}],"collection":[{"href":"https:\/\/visavis-baden.ch\/index.php\/wp-json\/wp\/v2\/pages"}],"about":[{"href":"https:\/\/visavis-baden.ch\/index.php\/wp-json\/wp\/v2\/types\/page"}],"author":[{"embeddable":true,"href":"https:\/\/visavis-baden.ch\/index.php\/wp-json\/wp\/v2\/users\/1"}],"replies":[{"embeddable":true,"href":"https:\/\/visavis-baden.ch\/index.php\/wp-json\/wp\/v2\/comments?post=115"}],"version-history":[{"count":3,"href":"https:\/\/visavis-baden.ch\/index.php\/wp-json\/wp\/v2\/pages\/115\/revisions"}],"predecessor-version":[{"id":246,"href":"https:\/\/visavis-baden.ch\/index.php\/wp-json\/wp\/v2\/pages\/115\/revisions\/246"}],"up":[{"embeddable":true,"href":"https:\/\/visavis-baden.ch\/index.php\/wp-json\/wp\/v2\/pages\/10"}],"wp:attachment":[{"href":"https:\/\/visavis-baden.ch\/index.php\/wp-json\/wp\/v2\/media?parent=115"}],"curies":[{"name":"wp","href":"https:\/\/api.w.org\/{rel}","templated":true}]}}

<p>Es muss nicht immer eine ausgewachsene Krise oder ein psychisches Leiden sein, die in unsere Praxis führen. Es kann auch in anderen Fällen sinnvoll sein, psychologische Beratung oder Begleitung zu beanspruchen: Eine Entscheidung fällt unüblich schwer. Es besteht eine Unzufriedenheit mit einem Zustand oder einer Situation. Es fehlen der Mut und die Überzeugung, etwas weiterzubringen, was man eigentlich schon lange angehen möchte.</p>
<p>Mit Unterstützung einer unabhängigen Fachperson kann Klärung und Bewegung in diese Anliegen gebracht werden.</p>

<p>Es muss nicht immer eine ausgewachsene Krise oder ein psychisches Leiden sein, die in unsere Praxis führen. Es kann auch in anderen Fällen sinnvoll sein, psychologische Beratung oder Begleitung zu beanspruchen: Eine Entscheidung fällt unüblich schwer. Es besteht eine Unzufriedenheit mit einem Zustand oder einer Situation. Es fehlen der Mut und die Überzeugung, etwas weiterzubringen, &hellip; <a href="https://visavis-baden.ch/index.php/angebot/psychologische-beratung/" class="more-link"><span class="screen-reader-text">Psychologische Beratung</span> weiterlesen <span class="meta-nav">&rarr;</span></a></p>
