{"id":121,"date":"2015-05-20T13:21:57","date_gmt":"2015-05-20T11:21:57","guid":{"rendered":"http:\/\/visavis-baden.ch\/wp\/?page_id=121"},"modified":"2020-03-10T11:00:27","modified_gmt":"2020-03-10T10:00:27","slug":"supervision","status":"publish","type":"page","link":"https:\/\/visavis-baden.ch\/index.php\/angebot\/supervision\/","title":{"rendered":"Supervision"},"content":{"rendered":"\n<p>Menschen die sozial t\u00e4tig sind, brauchen die M\u00f6glichkeit, ihre Arbeit zu \u00fcberdenken, Distanz zu gewinnen und eigene \u00abblinde Flecken\u00bb zu erhellen. Die Arbeit mit ratsuchenden Menschen fordert ein hohes Mass an seelischer Kraft und birgt die Gefahr in sich, sich selber dabei nicht gen\u00fcgend Sorge zu tragen. Supervision kann helfen, die Balance zu finden zwischen Engagement und Abgrenzung und damit einem Burnout vorzubeugen.<\/p>\n\n\n\n<h2 class=\"h1-size wp-block-heading\">Teamsupervision<\/h2>\n\n\n\n<p>Die Arbeit im Team, \u2013 so befruchtend und anregend sie sein kann \u2013 bringt oft Konflikte mit sich, die zusammen mit einer neutralen Fachperson durchschaubar gemacht werden k\u00f6nnen.<\/p>\n\n\n\n<p>Gemeinsam als Team sich den gestellten Aufgaben zu widmen beinhaltet eine grosse Ansammlung von Wissen, F\u00e4higkeiten, Kreativit\u00e4t und Beobachtungen. Eine Supervision kann helfen, diese auszutauschen, zusammen zu f\u00fchren und nutzbar zu machen.<\/p>\n\n\n\n<p>Die Arbeit in einer Institution findet immer in bestimmten Strukturen und Hierarchien statt. Wenn diese Strukturen zur Belastung werden, und ein Hindernis darstellen um gute Arbeit zu leisten und das Potential der Mitarbeitenden voll einzubringen, kann Supervision helfen, Abl\u00e4ufe zu erkennen, neu zu bewerten und wenn n\u00f6tig zu ver\u00e4ndern.<\/p>\n","protected":false},"excerpt":{"rendered":"<p>Menschen die sozial t\u00e4tig sind, brauchen die M\u00f6glichkeit, ihre Arbeit zu \u00fcberdenken, Distanz zu gewinnen und eigene \u00abblinde Flecken\u00bb zu erhellen. Die Arbeit mit ratsuchenden Menschen fordert ein hohes Mass an seelischer Kraft und birgt die Gefahr in sich, sich selber dabei nicht gen\u00fcgend Sorge zu tragen. Supervision kann helfen, die Balance zu finden zwischen &hellip; <a href=\"https:\/\/visavis-baden.ch\/index.php\/angebot\/supervision\/\" class=\"more-link\"><span class=\"screen-reader-text\">Supervision<\/span> weiterlesen <span class=\"meta-nav\">&rarr;<\/span><\/a><\/p>\n","protected":false},"author":1,"featured_media":0,"parent":10,"menu_order":0,"comment_status":"closed","ping_status":"closed","template":"","meta":{"footnotes":""},"class_list":["post-121","page","type-page","status-publish","hentry"],"_links":{"self":[{"href":"https:\/\/visavis-baden.ch\/index.php\/wp-json\/wp\/v2\/pages\/121","targetHints":{"allow":["GET"]}}],"collection":[{"href":"https:\/\/visavis-baden.ch\/index.php\/wp-json\/wp\/v2\/pages"}],"about":[{"href":"https:\/\/visavis-baden.ch\/index.php\/wp-json\/wp\/v2\/types\/page"}],"author":[{"embeddable":true,"href":"https:\/\/visavis-baden.ch\/index.php\/wp-json\/wp\/v2\/users\/1"}],"replies":[{"embeddable":true,"href":"https:\/\/visavis-baden.ch\/index.php\/wp-json\/wp\/v2\/comments?post=121"}],"version-history":[{"count":4,"href":"https:\/\/visavis-baden.ch\/index.php\/wp-json\/wp\/v2\/pages\/121\/revisions"}],"predecessor-version":[{"id":505,"href":"https:\/\/visavis-baden.ch\/index.php\/wp-json\/wp\/v2\/pages\/121\/revisions\/505"}],"up":[{"embeddable":true,"href":"https:\/\/visavis-baden.ch\/index.php\/wp-json\/wp\/v2\/pages\/10"}],"wp:attachment":[{"href":"https:\/\/visavis-baden.ch\/index.php\/wp-json\/wp\/v2\/media?parent=121"}],"curies":[{"name":"wp","href":"https:\/\/api.w.org\/{rel}","templated":true}]}}