{"id":18,"date":"2015-04-17T10:34:27","date_gmt":"2015-04-17T08:34:27","guid":{"rendered":"http:\/\/visavis-baden.ch\/wp\/?page_id=18"},"modified":"2026-02-24T17:40:34","modified_gmt":"2026-02-24T16:40:34","slug":"das-team","status":"publish","type":"page","link":"https:\/\/visavis-baden.ch\/index.php\/das-team\/","title":{"rendered":"\u00dcber mich"},"content":{"rendered":"\n\n\n<figure class=\"wp-block-image size-large is-resized\"><img loading=\"lazy\" decoding=\"async\" width=\"1024\" height=\"1022\" src=\"https:\/\/visavis-baden.ch\/wp-content\/uploads\/Nina_IMG_6727_150x150-1024x1022.jpg\" alt=\"Nina\" class=\"wp-image-685\" style=\"aspect-ratio:1;object-fit:cover;width:152px;height:auto\" srcset=\"https:\/\/visavis-baden.ch\/wp-content\/uploads\/Nina_IMG_6727_150x150-1024x1022.jpg 1024w, https:\/\/visavis-baden.ch\/wp-content\/uploads\/Nina_IMG_6727_150x150-300x300.jpg 300w, https:\/\/visavis-baden.ch\/wp-content\/uploads\/Nina_IMG_6727_150x150-150x150.jpg 150w, https:\/\/visavis-baden.ch\/wp-content\/uploads\/Nina_IMG_6727_150x150-768x767.jpg 768w, https:\/\/visavis-baden.ch\/wp-content\/uploads\/Nina_IMG_6727_150x150.jpg 1040w\" sizes=\"auto, (max-width: 1024px) 100vw, 1024px\" \/><\/figure>\n\n\n\n<div style=\"height:10px\" aria-hidden=\"true\" class=\"wp-block-spacer\"><\/div>\n\n\n<div class=\"team\">\n<h3>Nina Dreier-Barske<\/h3>\n<p>Dr. phil., Psychologin<br \/>Eidg. anerkannte Psychotherapeutin<\/p>\n<p>Psychotherapeutin SBAP<br \/>Studium der Psychologie, P\u00e4dagogischen Psychologie und P\u00e4dagogik, Promotion zum<br \/>Dr. phil (2004), beides an der Universit\u00e4t Freiburg (CH).<\/p>\n<p><strong><a href=\"http:\/\/visavis-baden.ch\/index.php\/angebot\/counselling-and-psychotherapy-in-english\">Therapy and counselling also in English<\/a><\/strong><\/p>\n<p><strong>Psychotherapieausbildung:<\/strong><\/p>\n<ul>\n<li>Systemische Therapie und Beratung am Institut f\u00fcr systemische Entwicklung und Fortbildung und an der Hochschule f\u00fcr Angewandte Psychologie (heute: ZHAW Z\u00fcrcher Hochschule f\u00fcr Angewandte Wissenschaften), 2007\u20132014.<\/li>\n<li>Langj\u00e4hrige Therapie und Weiterbildung zur pers\u00f6nlichen und beruflichen Weiterentwicklung.<\/li>\n<li>Regelm\u00e4ssige Supervision und Intervision bei anerkannten FachkollegInnen<br \/>(seit 2007 fortlaufend)<\/li>\n<\/ul>\n<p><strong>Weitere Ausbildungen:<\/strong><\/p>\n<ul>\n<li>\n<div>Fortbildung zur spirituellen Psychotherapie bei Evelyne Vuilleumier<\/div>\n<div>(2024; FSP-anerkannte Psychotherapieweiterbildung zur Verbindung von westlichen und \u00f6stlichen Therapie-Ans\u00e4tzen; weitere Informationen siehe <a href=\"https:\/\/www.evelyne.vuilleumier.net\/\" target=\"_blank\" rel=\"noopener\">www.evelyne.vuilleumier.net<\/a>)<\/div>\n<\/li>\n<li>J\u00e4hrliche Weiterbildungen im Bereich der Traumatherapie \u00abIRRT \u2013 Imagery Rescpripting &amp; Reprocessing Therapy\u00bb (seit 2021)<\/li>\n<li>Fortbildungskurse im Bereich der Paartherapie (2010, 2013, 2018; seit 2019 EFT- emotionsfokussierte Paartherapie)<\/li>\n<li>Zusatzqualifikation Supervision am IBP \u2013 Integrative Body Psychotherapy in Winterthur und Z\u00fcrich (2015 bis 2016)<\/li>\n<li>Klinische Hypnose und hypnosystemische Therapie am Institut f\u00fcr systemische Entwicklung und Fortbildung und bei der Gesellschaft f\u00fcr klinische Hypnose Schweiz (Mitgliedschaft und fortlaufende Therapieseminare seit 2012)<\/li>\n<li>Internetbasierten Therapie am Klaus Grawe-Institut f\u00fcr psychologische Therapie (2014)<\/li>\n<\/ul>\n<p><strong>Berufliche T\u00e4tigkeiten<\/strong><strong>:<br \/><\/strong><\/p>\n<ul>\n<li>Seit 2015 Praxisbewilligung des Kantons Aargau als selbst\u00e4ndig arbeitende Psychotherapeutin<\/li>\n<li>Beratung, Therapie und Supervision von Lehrpersonen und SchulleiterInnen beim ask! Beratungsdienste f\u00fcr Ausbildung und Beruf Aargau (2013\u20132017)<\/li>\n<li>Delegierte Psychotherapie in der Praxis f\u00fcr Psychiatrie und Psychotherapie von Dr. med. Elisabeta Kaufmann in Brugg, Ober\u00e4rztin an der Triagestelle der PDAG.<\/li>\n<li>Psychotherapie im Effingerhort, Reha-Haus f\u00fcr Alkohol- und Medikamentenabh\u00e4ngige (2012)<\/li>\n<li>Beratung und Therapie in selbst\u00e4ndiger Praxis in Locarno (2008\u20132011)<\/li>\n<li>Wissenschaftliche Mitarbeiterin am Institut f\u00fcr Gymnasial- und Berufsp\u00e4dagogik der Universit\u00e4t Z\u00fcrich (2004\u20132008) und am Departement Erziehungswissenschaften der Universit\u00e4t Freiburg (1998\u20132003).<\/li>\n<\/ul>\n<p>Mutter von einem schulpflichtigen Kind<\/p>\n<p><strong> Kontakt: <a href=\"javascript:secureDecryptAndNavigate('ONwqTd6bA7H+XcRu\/njCaiGM0mKcVa\/AhDJ7gwhZMxgBGqLbtK1QOp1tnTpCpcszczfUSv42scdJ7Oj8+TP5\/pwwYoHh6u65pcmNp2GCEf6usrVUHnGwjOi5', 'b6f80e99a8d1b7eb37decd30a670edf2dc4f1281ca4051acd72c53ec2ce26924')\">&#110;i&#110;a.d&#114;&#101;i&#101;&#114;-&#98;ar&#115;&#107;&#101;&#64;v&#105;s&#97;vi&#115;-b&#97;&#100;&#101;n.&#99;&#104;<\/a><\/strong><\/p>\n<\/div>\n<div class=\"team\">\u00a0<\/div>","protected":false},"excerpt":{"rendered":"<p>Nina Dreier-Barske Dr. phil., PsychologinEidg. anerkannte Psychotherapeutin Psychotherapeutin SBAPStudium der Psychologie, P\u00e4dagogischen Psychologie und P\u00e4dagogik, Promotion zumDr. phil (2004), beides an der Universit\u00e4t Freiburg (CH). Therapy and counselling also in English Psychotherapieausbildung: Systemische Therapie und Beratung am Institut f\u00fcr systemische Entwicklung und Fortbildung und an der Hochschule f\u00fcr Angewandte Psychologie (heute: ZHAW Z\u00fcrcher Hochschule f\u00fcr &hellip; <a href=\"https:\/\/visavis-baden.ch\/index.php\/das-team\/\" class=\"more-link\"><span class=\"screen-reader-text\">\u00dcber mich<\/span> weiterlesen <span class=\"meta-nav\">&rarr;<\/span><\/a><\/p>\n","protected":false},"author":1,"featured_media":0,"parent":0,"menu_order":0,"comment_status":"closed","ping_status":"closed","template":"","meta":{"footnotes":""},"class_list":["post-18","page","type-page","status-publish","hentry"],"_links":{"self":[{"href":"https:\/\/visavis-baden.ch\/index.php\/wp-json\/wp\/v2\/pages\/18","targetHints":{"allow":["GET"]}}],"collection":[{"href":"https:\/\/visavis-baden.ch\/index.php\/wp-json\/wp\/v2\/pages"}],"about":[{"href":"https:\/\/visavis-baden.ch\/index.php\/wp-json\/wp\/v2\/types\/page"}],"author":[{"embeddable":true,"href":"https:\/\/visavis-baden.ch\/index.php\/wp-json\/wp\/v2\/users\/1"}],"replies":[{"embeddable":true,"href":"https:\/\/visavis-baden.ch\/index.php\/wp-json\/wp\/v2\/comments?post=18"}],"version-history":[{"count":84,"href":"https:\/\/visavis-baden.ch\/index.php\/wp-json\/wp\/v2\/pages\/18\/revisions"}],"predecessor-version":[{"id":746,"href":"https:\/\/visavis-baden.ch\/index.php\/wp-json\/wp\/v2\/pages\/18\/revisions\/746"}],"wp:attachment":[{"href":"https:\/\/visavis-baden.ch\/index.php\/wp-json\/wp\/v2\/media?parent=18"}],"curies":[{"name":"wp","href":"https:\/\/api.w.org\/{rel}","templated":true}]}}

Über mich

<figure class="wp-block-image size-large is-resized"><img loading="lazy" decoding="async" width="1024" height="1022" src="https://visavis-baden.ch/wp-content/uploads/Nina_IMG_6727_150x150-1024x1022.jpg" alt="Nina" class="wp-image-685" style="aspect-ratio:1;object-fit:cover;width:152px;height:auto" srcset="https://visavis-baden.ch/wp-content/uploads/Nina_IMG_6727_150x150-1024x1022.jpg 1024w, https://visavis-baden.ch/wp-content/uploads/Nina_IMG_6727_150x150-300x300.jpg 300w, https://visavis-baden.ch/wp-content/uploads/Nina_IMG_6727_150x150-150x150.jpg 150w, https://visavis-baden.ch/wp-content/uploads/Nina_IMG_6727_150x150-768x767.jpg 768w, https://visavis-baden.ch/wp-content/uploads/Nina_IMG_6727_150x150.jpg 1040w" sizes="auto, (max-width: 1024px) 100vw, 1024px" /></figure>



<div style="height:10px" aria-hidden="true" class="wp-block-spacer"></div>


<div class="team">
<h3>Nina Dreier-Barske</h3>
<p>Dr. phil., Psychologin<br />Eidg. anerkannte Psychotherapeutin</p>
<p>Psychotherapeutin SBAP<br />Studium der Psychologie, Pädagogischen Psychologie und Pädagogik, Promotion zum<br />Dr. phil (2004), beides an der Universität Freiburg (CH).</p>
<p><strong><a href="http://visavis-baden.ch/index.php/angebot/counselling-and-psychotherapy-in-english">Therapy and counselling also in English</a></strong></p>
<p><strong>Psychotherapieausbildung:</strong></p>
<ul>
<li>Systemische Therapie und Beratung am Institut für systemische Entwicklung und Fortbildung und an der Hochschule für Angewandte Psychologie (heute: ZHAW Zürcher Hochschule für Angewandte Wissenschaften), 2007–2014.</li>
<li>Langjährige Therapie und Weiterbildung zur persönlichen und beruflichen Weiterentwicklung.</li>
<li>Regelmässige Supervision und Intervision bei anerkannten FachkollegInnen<br />(seit 2007 fortlaufend)</li>
</ul>
<p><strong>Weitere Ausbildungen:</strong></p>
<ul>
<li>
<div>Fortbildung zur spirituellen Psychotherapie bei Evelyne Vuilleumier</div>
<div>(2024; FSP-anerkannte Psychotherapieweiterbildung zur Verbindung von westlichen und östlichen Therapie-Ansätzen; weitere Informationen siehe <a href="https://www.evelyne.vuilleumier.net/" target="_blank" rel="noopener">www.evelyne.vuilleumier.net</a>)</div>
</li>
<li>Jährliche Weiterbildungen im Bereich der Traumatherapie «IRRT – Imagery Rescpripting &amp; Reprocessing Therapy» (seit 2021)</li>
<li>Fortbildungskurse im Bereich der Paartherapie (2010, 2013, 2018; seit 2019 EFT- emotionsfokussierte Paartherapie)</li>
<li>Zusatzqualifikation Supervision am IBP – Integrative Body Psychotherapy in Winterthur und Zürich (2015 bis 2016)</li>
<li>Klinische Hypnose und hypnosystemische Therapie am Institut für systemische Entwicklung und Fortbildung und bei der Gesellschaft für klinische Hypnose Schweiz (Mitgliedschaft und fortlaufende Therapieseminare seit 2012)</li>
<li>Internetbasierten Therapie am Klaus Grawe-Institut für psychologische Therapie (2014)</li>
</ul>
<p><strong>Berufliche Tätigkeiten</strong><strong>:<br /></strong></p>
<ul>
<li>Seit 2015 Praxisbewilligung des Kantons Aargau als selbständig arbeitende Psychotherapeutin</li>
<li>Beratung, Therapie und Supervision von Lehrpersonen und SchulleiterInnen beim ask! Beratungsdienste für Ausbildung und Beruf Aargau (2013–2017)</li>
<li>Delegierte Psychotherapie in der Praxis für Psychiatrie und Psychotherapie von Dr. med. Elisabeta Kaufmann in Brugg, Oberärztin an der Triagestelle der PDAG.</li>
<li>Psychotherapie im Effingerhort, Reha-Haus für Alkohol- und Medikamentenabhängige (2012)</li>
<li>Beratung und Therapie in selbständiger Praxis in Locarno (2008–2011)</li>
<li>Wissenschaftliche Mitarbeiterin am Institut für Gymnasial- und Berufspädagogik der Universität Zürich (2004–2008) und am Departement Erziehungswissenschaften der Universität Freiburg (1998–2003).</li>
</ul>
<p>Mutter von einem schulpflichtigen Kind</p>
<p><strong> Kontakt: <a href="javascript:secureDecryptAndNavigate('ONwqTd6bA7H+XcRu/njCaiGM0mKcVa/AhDJ7gwhZMxgBGqLbtK1QOp1tnTpCpcszczfUSv42scdJ7Oj8+TP5/pwwYoHh6u65pcmNp2GCEf6usrVUHnGwjOi5', 'b6f80e99a8d1b7eb37decd30a670edf2dc4f1281ca4051acd72c53ec2ce26924')">&#110;i&#110;a.d&#114;&#101;i&#101;&#114;-&#98;ar&#115;&#107;&#101;&#64;v&#105;s&#97;vi&#115;-b&#97;&#100;&#101;n.&#99;&#104;</a></strong></p>
</div>
<div class="team"> </div>

<p>Nina Dreier-Barske Dr. phil., PsychologinEidg. anerkannte Psychotherapeutin Psychotherapeutin SBAPStudium der Psychologie, Pädagogischen Psychologie und Pädagogik, Promotion zumDr. phil (2004), beides an der Universität Freiburg (CH). Therapy and counselling also in English Psychotherapieausbildung: Systemische Therapie und Beratung am Institut für systemische Entwicklung und Fortbildung und an der Hochschule für Angewandte Psychologie (heute: ZHAW Zürcher Hochschule für &hellip; <a href="https://visavis-baden.ch/index.php/das-team/" class="more-link"><span class="screen-reader-text">Über mich</span> weiterlesen <span class="meta-nav">&rarr;</span></a></p>
