{"id":63,"date":"2015-04-17T14:56:28","date_gmt":"2015-04-17T12:56:28","guid":{"rendered":"http:\/\/visavis-baden.ch\/wp\/?page_id=63"},"modified":"2026-04-21T16:48:48","modified_gmt":"2026-04-21T14:48:48","slug":"kontakt","status":"publish","type":"page","link":"https:\/\/visavis-baden.ch\/index.php\/kontakt\/","title":{"rendered":"Kontakt"},"content":{"rendered":"<p><strong>Adresse:<\/strong><br \/>vis-\u00e0-vis<br \/>Praxis f\u00fcr Psychotherapie, Supervision &amp; spirituelle Entwicklung<br \/><strong>Parkstrasse 25<\/strong><br \/>5401 Baden<\/p>\n<p>Haus f\u00fcr Frau &amp; Familie<\/p>\n<p><a href=\"javascript:secureDecryptAndNavigate('Ncpm+a6OTKE0QkHmkuavSKSvx1L92A5vMVtGoIS8KCgOSm\/ut7ezuU5qCDYz7EVvbLNDgYCGjo+ztKhGwHc94NdLbGLw3l\/SQhOPRQ==', 'b6f80e99a8d1b7eb37decd30a670edf2dc4f1281ca4051acd72c53ec2ce26924')\">in&#102;&#111;&#64;v&#105;&#115;&#97;&#118;is&#45;b&#97;&#100;en.c&#104;<\/a><br \/>Termine nach Vereinbarung (keine Wartelisten)<\/p>\n<p><a href=\"mailto:i&#110;&#102;&#111;&#64;&#118;&#105;&#115;&#97;&#118;is&#45;&#98;a&#100;e&#110;&#46;c&#104;?subject=Anmeldung via Website\">&#8211; Anfragen &#8211;<\/a><\/p>\n\n\n<div style=\"height:40px\" aria-hidden=\"true\" class=\"wp-block-spacer\"><\/div>\n\n\n\n<div style=\"height:24px\" aria-hidden=\"true\" class=\"wp-block-spacer\"><\/div>\n","protected":false},"excerpt":{"rendered":"<p>Adresse:vis-\u00e0-visPraxis f\u00fcr Psychotherapie, Supervision &amp; spirituelle EntwicklungParkstrasse 255401 Baden Haus f\u00fcr Frau &amp; Familie in&#102;&#111;&#64;v&#105;&#115;a&#118;&#105;s&#45;b&#97;de&#110;&#46;&#99;hTermine nach Vereinbarung (keine Wartelisten) &#8211; Anfragen &#8211;<\/p>\n","protected":false},"author":1,"featured_media":0,"parent":0,"menu_order":0,"comment_status":"closed","ping_status":"closed","template":"","meta":{"footnotes":""},"class_list":["post-63","page","type-page","status-publish","hentry"],"_links":{"self":[{"href":"https:\/\/visavis-baden.ch\/index.php\/wp-json\/wp\/v2\/pages\/63","targetHints":{"allow":["GET"]}}],"collection":[{"href":"https:\/\/visavis-baden.ch\/index.php\/wp-json\/wp\/v2\/pages"}],"about":[{"href":"https:\/\/visavis-baden.ch\/index.php\/wp-json\/wp\/v2\/types\/page"}],"author":[{"embeddable":true,"href":"https:\/\/visavis-baden.ch\/index.php\/wp-json\/wp\/v2\/users\/1"}],"replies":[{"embeddable":true,"href":"https:\/\/visavis-baden.ch\/index.php\/wp-json\/wp\/v2\/comments?post=63"}],"version-history":[{"count":25,"href":"https:\/\/visavis-baden.ch\/index.php\/wp-json\/wp\/v2\/pages\/63\/revisions"}],"predecessor-version":[{"id":755,"href":"https:\/\/visavis-baden.ch\/index.php\/wp-json\/wp\/v2\/pages\/63\/revisions\/755"}],"wp:attachment":[{"href":"https:\/\/visavis-baden.ch\/index.php\/wp-json\/wp\/v2\/media?parent=63"}],"curies":[{"name":"wp","href":"https:\/\/api.w.org\/{rel}","templated":true}]}}